{"id":220,"date":"2022-09-10T08:38:36","date_gmt":"2022-09-10T08:38:36","guid":{"rendered":"https:\/\/giessmann-rolladenbau.at\/?page_id=220"},"modified":"2023-09-23T09:13:18","modified_gmt":"2023-09-23T09:13:18","slug":"insektenschutz","status":"publish","type":"page","link":"https:\/\/giessmann-rolladenbau.at\/index.php\/insektenschutz\/","title":{"rendered":"Insektenschutz"},"content":{"rendered":"\t\t<div data-elementor-type=\"wp-page\" data-elementor-id=\"220\" class=\"elementor elementor-220\" data-elementor-post-type=\"page\">\n\t\t\t\t\t\t\t\t\t<section class=\"elementor-section elementor-top-section elementor-element elementor-element-18ffb98b elementor-section-height-min-height elementor-section-content-middle elementor-section-boxed elementor-section-height-default elementor-section-items-middle\" data-id=\"18ffb98b\" data-element_type=\"section\" data-settings=\"{&quot;background_background&quot;:&quot;classic&quot;}\">\n\t\t\t\t\t\t\t<div class=\"elementor-background-overlay\"><\/div>\n\t\t\t\t\t\t\t<div class=\"elementor-container elementor-column-gap-no\">\n\t\t\t\t\t<div class=\"elementor-column elementor-col-50 elementor-top-column elementor-element elementor-element-4ac81e5d\" data-id=\"4ac81e5d\" data-element_type=\"column\">\n\t\t\t<div class=\"elementor-widget-wrap elementor-element-populated\">\n\t\t\t\t\t\t\t\t<div class=\"elementor-element elementor-element-79a41af8 elementor-widget elementor-widget-heading\" data-id=\"79a41af8\" data-element_type=\"widget\" data-widget_type=\"heading.default\">\n\t\t\t\t<div class=\"elementor-widget-container\">\n\t\t\t<h5 class=\"elementor-heading-title elementor-size-default\">Insektenschutz<\/h5>\t\t<\/div>\n\t\t\t\t<\/div>\n\t\t\t\t<div class=\"elementor-element elementor-element-3cb6618d elementor-widget elementor-widget-heading\" data-id=\"3cb6618d\" data-element_type=\"widget\" data-widget_type=\"heading.default\">\n\t\t\t\t<div class=\"elementor-widget-container\">\n\t\t\t<h2 class=\"elementor-heading-title elementor-size-default\">Endlich das Summen verstummen lassen<\/h2>\t\t<\/div>\n\t\t\t\t<\/div>\n\t\t\t\t<div class=\"elementor-element elementor-element-136641a4 elementor-mobile-align-center elementor-align-left elementor-widget elementor-widget-button\" data-id=\"136641a4\" data-element_type=\"widget\" data-widget_type=\"button.default\">\n\t\t\t\t<div class=\"elementor-widget-container\">\n\t\t\t\t\t<div class=\"elementor-button-wrapper\">\n\t\t\t<a class=\"elementor-button elementor-button-link elementor-size-sm\" href=\"https:\/\/giessmann-rolladenbau.at\/index.php\/produkte\/\">\n\t\t\t\t\t\t<span class=\"elementor-button-content-wrapper\">\n\t\t\t\t\t\t<span class=\"elementor-button-text\">Produkte<\/span>\n\t\t<\/span>\n\t\t\t\t\t<\/a>\n\t\t<\/div>\n\t\t\t\t<\/div>\n\t\t\t\t<\/div>\n\t\t\t\t\t<\/div>\n\t\t<\/div>\n\t\t\t\t<div class=\"elementor-column elementor-col-50 elementor-top-column elementor-element elementor-element-793d2b96\" data-id=\"793d2b96\" data-element_type=\"column\">\n\t\t\t<div class=\"elementor-widget-wrap\">\n\t\t\t\t\t\t\t\t\t<\/div>\n\t\t<\/div>\n\t\t\t\t\t\t\t<\/div>\n\t\t<\/section>\n\t\t\t\t<section class=\"elementor-section elementor-top-section elementor-element elementor-element-28794f48 elementor-section-boxed elementor-section-height-default elementor-section-height-default\" data-id=\"28794f48\" data-element_type=\"section\" data-settings=\"{&quot;background_background&quot;:&quot;classic&quot;}\">\n\t\t\t\t\t\t<div class=\"elementor-container elementor-column-gap-default\">\n\t\t\t\t\t<div class=\"elementor-column elementor-col-100 elementor-top-column elementor-element elementor-element-1135a992\" data-id=\"1135a992\" data-element_type=\"column\">\n\t\t\t<div class=\"elementor-widget-wrap elementor-element-populated\">\n\t\t\t\t\t\t\t\t<div class=\"elementor-element elementor-element-642ab4f7 elementor-widget elementor-widget-heading\" data-id=\"642ab4f7\" data-element_type=\"widget\" data-widget_type=\"heading.default\">\n\t\t\t\t<div class=\"elementor-widget-container\">\n\t\t\t<h4 class=\"elementor-heading-title elementor-size-default\">Unser Angebot<\/h4>\t\t<\/div>\n\t\t\t\t<\/div>\n\t\t\t\t\t<\/div>\n\t\t<\/div>\n\t\t\t\t\t\t\t<\/div>\n\t\t<\/section>\n\t\t\t\t<section class=\"elementor-section elementor-top-section elementor-element elementor-element-466acda4 elementor-hidden-mobile elementor-section-boxed elementor-section-height-default elementor-section-height-default\" data-id=\"466acda4\" data-element_type=\"section\">\n\t\t\t\t\t\t<div class=\"elementor-container elementor-column-gap-default\">\n\t\t\t\t\t<div class=\"elementor-column elementor-col-100 elementor-top-column elementor-element elementor-element-58e5c4a3\" data-id=\"58e5c4a3\" data-element_type=\"column\">\n\t\t\t<div class=\"elementor-widget-wrap elementor-element-populated\">\n\t\t\t\t\t\t\t\t<div class=\"elementor-element elementor-element-3e78ad96 elementor-cta--layout-image-left elementor-cta--valign-middle elementor-cta--skin-classic elementor-animated-content elementor-widget elementor-widget-call-to-action\" data-id=\"3e78ad96\" data-element_type=\"widget\" data-widget_type=\"call-to-action.default\">\n\t\t\t\t<div class=\"elementor-widget-container\">\n\t\t\t\t\t<div class=\"elementor-cta\">\n\t\t\t\t\t<div class=\"elementor-cta__bg-wrapper\">\n\t\t\t\t<div class=\"elementor-cta__bg elementor-bg\" style=\"background-image: url(https:\/\/giessmann-rolladenbau.at\/wp-content\/uploads\/2023\/07\/csm_insektenschutz_rollo_79c53c301b-1024x341.jpg);\" role=\"img\" aria-label=\"csm_insektenschutz_rollo_79c53c301b\"><\/div>\n\t\t\t\t<div class=\"elementor-cta__bg-overlay\"><\/div>\n\t\t\t<\/div>\n\t\t\t\t\t\t\t<div class=\"elementor-cta__content\">\n\t\t\t\t\n\t\t\t\t\t\t\t\t\t<h2 class=\"elementor-cta__title elementor-cta__content-item elementor-content-item\">\n\t\t\t\t\t\tInsektenschutz- Rollos <br>(vertikal)\t\t\t\t\t<\/h2>\n\t\t\t\t\n\t\t\t\t\t\t\t\t\t<div class=\"elementor-cta__description elementor-cta__content-item elementor-content-item\">\n\t\t\t\t\t\tSchnelles und unkompliziertes \u00d6ffnen und Schlie\u00dfen!<br><br>In zwei Varianten m\u00f6glich:<br>\n- integriert im Rolladen  <br>- als nachtr\u00e4glicher Einbau auf den Fensterstock oder Rolladen\t\t\t\t\t<\/div>\n\t\t\t\t\n\t\t\t\t\t\t\t<\/div>\n\t\t\t\t\t\t<\/div>\n\t\t\t\t<\/div>\n\t\t\t\t<\/div>\n\t\t\t\t\t<\/div>\n\t\t<\/div>\n\t\t\t\t\t\t\t<\/div>\n\t\t<\/section>\n\t\t\t\t<section class=\"elementor-section elementor-top-section elementor-element elementor-element-5879f0b elementor-hidden-desktop elementor-hidden-tablet elementor-section-boxed elementor-section-height-default elementor-section-height-default\" data-id=\"5879f0b\" data-element_type=\"section\">\n\t\t\t\t\t\t<div class=\"elementor-container elementor-column-gap-default\">\n\t\t\t\t\t<div class=\"elementor-column elementor-col-100 elementor-top-column elementor-element elementor-element-7da5c53\" data-id=\"7da5c53\" data-element_type=\"column\">\n\t\t\t<div class=\"elementor-widget-wrap elementor-element-populated\">\n\t\t\t\t\t\t\t\t<div class=\"elementor-element elementor-element-d111669 elementor-cta--layout-image-left elementor-cta--valign-middle elementor-cta--mobile-layout-image-above elementor-cta--skin-classic elementor-animated-content elementor-widget elementor-widget-call-to-action\" data-id=\"d111669\" data-element_type=\"widget\" data-widget_type=\"call-to-action.default\">\n\t\t\t\t<div class=\"elementor-widget-container\">\n\t\t\t\t\t<div class=\"elementor-cta\">\n\t\t\t\t\t<div class=\"elementor-cta__bg-wrapper\">\n\t\t\t\t<div class=\"elementor-cta__bg elementor-bg\" style=\"background-image: url(https:\/\/giessmann-rolladenbau.at\/wp-content\/uploads\/2023\/07\/csm_insektenschutz_rollo_79c53c301b-1024x341.jpg);\" role=\"img\" aria-label=\"csm_insektenschutz_rollo_79c53c301b\"><\/div>\n\t\t\t\t<div class=\"elementor-cta__bg-overlay\"><\/div>\n\t\t\t<\/div>\n\t\t\t\t\t\t\t<div class=\"elementor-cta__content\">\n\t\t\t\t\n\t\t\t\t\t\t\t\t\t<h2 class=\"elementor-cta__title elementor-cta__content-item elementor-content-item\">\n\t\t\t\t\t\tInsektenschutz- Rollos <br>(vertikal)\t\t\t\t\t<\/h2>\n\t\t\t\t\n\t\t\t\t\t\t\t\t\t<div class=\"elementor-cta__description elementor-cta__content-item elementor-content-item\">\n\t\t\t\t\t\tSchnelles und unkompliziertes \u00d6ffnen und Schlie\u00dfen!<br><br>In zwei Varianten m\u00f6glich:<br>\n- integriert im Rolladen  <br>- als nachtr\u00e4glicher Einbau auf den Fensterstock oder Rolladen\t\t\t\t\t<\/div>\n\t\t\t\t\n\t\t\t\t\t\t\t<\/div>\n\t\t\t\t\t\t<\/div>\n\t\t\t\t<\/div>\n\t\t\t\t<\/div>\n\t\t\t\t\t<\/div>\n\t\t<\/div>\n\t\t\t\t\t\t\t<\/div>\n\t\t<\/section>\n\t\t\t\t<section class=\"elementor-section elementor-top-section elementor-element elementor-element-641914cf elementor-hidden-mobile elementor-section-boxed elementor-section-height-default elementor-section-height-default\" data-id=\"641914cf\" data-element_type=\"section\">\n\t\t\t\t\t\t<div class=\"elementor-container elementor-column-gap-default\">\n\t\t\t\t\t<div class=\"elementor-column elementor-col-100 elementor-top-column elementor-element elementor-element-6b64d3d9\" data-id=\"6b64d3d9\" data-element_type=\"column\">\n\t\t\t<div class=\"elementor-widget-wrap elementor-element-populated\">\n\t\t\t\t\t\t\t\t<div class=\"elementor-element elementor-element-3b25cf2 elementor-cta--layout-image-right elementor-cta--valign-middle elementor-cta--skin-classic elementor-animated-content elementor-widget elementor-widget-call-to-action\" data-id=\"3b25cf2\" data-element_type=\"widget\" data-widget_type=\"call-to-action.default\">\n\t\t\t\t<div class=\"elementor-widget-container\">\n\t\t\t\t\t<div class=\"elementor-cta\">\n\t\t\t\t\t<div class=\"elementor-cta__bg-wrapper\">\n\t\t\t\t<div class=\"elementor-cta__bg elementor-bg\" style=\"background-image: url(https:\/\/giessmann-rolladenbau.at\/wp-content\/uploads\/2023\/07\/Privatkunde_Bildergalerie-1024x683.jpg);\" role=\"img\" aria-label=\"Privatkunde_Bildergalerie\"><\/div>\n\t\t\t\t<div class=\"elementor-cta__bg-overlay\"><\/div>\n\t\t\t<\/div>\n\t\t\t\t\t\t\t<div class=\"elementor-cta__content\">\n\t\t\t\t\n\t\t\t\t\t\t\t\t\t<h2 class=\"elementor-cta__title elementor-cta__content-item elementor-content-item\">\n\t\t\t\t\t\tInsektenschutz - T\u00fcren\t\t\t\t\t<\/h2>\n\t\t\t\t\n\t\t\t\t\t\t\t\t\t<div class=\"elementor-cta__description elementor-cta__content-item elementor-content-item\">\n\t\t\t\t\t\tOb Neoscenica (Querrollo), Schieberahmen, Plissee-, Pendel- oder Dreht\u00fcr... <br>Wir finden die perfekte Variante f\u00fcr Ihr Zuhause!!!\t\t\t\t\t<\/div>\n\t\t\t\t\n\t\t\t\t\t\t\t<\/div>\n\t\t\t\t\t\t<\/div>\n\t\t\t\t<\/div>\n\t\t\t\t<\/div>\n\t\t\t\t<div class=\"elementor-element elementor-element-465e9567 elementor-cta--layout-image-left elementor-cta--valign-middle elementor-cta--skin-classic elementor-animated-content elementor-widget elementor-widget-call-to-action\" data-id=\"465e9567\" data-element_type=\"widget\" data-widget_type=\"call-to-action.default\">\n\t\t\t\t<div class=\"elementor-widget-container\">\n\t\t\t\t\t<div class=\"elementor-cta\">\n\t\t\t\t\t<div class=\"elementor-cta__bg-wrapper\">\n\t\t\t\t<div class=\"elementor-cta__bg elementor-bg\" style=\"background-image: url(https:\/\/giessmann-rolladenbau.at\/wp-content\/uploads\/2023\/04\/Spannrahmen-QUER-1024x683.jpg);\" role=\"img\" aria-label=\"Spannrahmen QUER\"><\/div>\n\t\t\t\t<div class=\"elementor-cta__bg-overlay\"><\/div>\n\t\t\t<\/div>\n\t\t\t\t\t\t\t<div class=\"elementor-cta__content\">\n\t\t\t\t\n\t\t\t\t\t\t\t\t\t<h2 class=\"elementor-cta__title elementor-cta__content-item elementor-content-item\">\n\t\t\t\t\t\tInsektenschutz- Spannrahmen\t\t\t\t\t<\/h2>\n\t\t\t\t\n\t\t\t\t\t\t\t\t\t<div class=\"elementor-cta__description elementor-cta__content-item elementor-content-item\">\n\t\t\t\t\t\t... ganz einfach und ohne Bohren zu montieren!!<br>... leichte Handhabung!!\t\t\t\t\t<\/div>\n\t\t\t\t\n\t\t\t\t\t\t\t<\/div>\n\t\t\t\t\t\t<\/div>\n\t\t\t\t<\/div>\n\t\t\t\t<\/div>\n\t\t\t\t\t<\/div>\n\t\t<\/div>\n\t\t\t\t\t\t\t<\/div>\n\t\t<\/section>\n\t\t\t\t<section class=\"elementor-section elementor-top-section elementor-element elementor-element-ca63ad6 elementor-hidden-desktop elementor-hidden-tablet elementor-section-boxed elementor-section-height-default elementor-section-height-default\" data-id=\"ca63ad6\" data-element_type=\"section\">\n\t\t\t\t\t\t<div class=\"elementor-container elementor-column-gap-default\">\n\t\t\t\t\t<div class=\"elementor-column elementor-col-100 elementor-top-column elementor-element elementor-element-b101ee2\" data-id=\"b101ee2\" data-element_type=\"column\">\n\t\t\t<div class=\"elementor-widget-wrap elementor-element-populated\">\n\t\t\t\t\t\t\t\t<div class=\"elementor-element elementor-element-0f493bc elementor-cta--layout-image-right elementor-cta--valign-middle elementor-cta--mobile-layout-image-above elementor-cta--skin-classic elementor-animated-content elementor-widget elementor-widget-call-to-action\" data-id=\"0f493bc\" data-element_type=\"widget\" data-widget_type=\"call-to-action.default\">\n\t\t\t\t<div class=\"elementor-widget-container\">\n\t\t\t\t\t<div class=\"elementor-cta\">\n\t\t\t\t\t<div class=\"elementor-cta__bg-wrapper\">\n\t\t\t\t<div class=\"elementor-cta__bg elementor-bg\" style=\"background-image: url(https:\/\/giessmann-rolladenbau.at\/wp-content\/uploads\/2023\/07\/Privatkunde_Bildergalerie-1024x683.jpg);\" role=\"img\" aria-label=\"Privatkunde_Bildergalerie\"><\/div>\n\t\t\t\t<div class=\"elementor-cta__bg-overlay\"><\/div>\n\t\t\t<\/div>\n\t\t\t\t\t\t\t<div class=\"elementor-cta__content\">\n\t\t\t\t\n\t\t\t\t\t\t\t\t\t<h2 class=\"elementor-cta__title elementor-cta__content-item elementor-content-item\">\n\t\t\t\t\t\tInsektenschutz - T\u00fcren\t\t\t\t\t<\/h2>\n\t\t\t\t\n\t\t\t\t\t\t\t\t\t<div class=\"elementor-cta__description elementor-cta__content-item elementor-content-item\">\n\t\t\t\t\t\tOb Neoscenica (Querrollo), Schieberahmen, Plissee-, Pendel- oder Dreht\u00fcr... <br>Wir finden die perfekte Variante f\u00fcr Ihr Zuhause!!!\t\t\t\t\t<\/div>\n\t\t\t\t\n\t\t\t\t\t\t\t<\/div>\n\t\t\t\t\t\t<\/div>\n\t\t\t\t<\/div>\n\t\t\t\t<\/div>\n\t\t\t\t<div class=\"elementor-element elementor-element-673debd elementor-cta--layout-image-left elementor-cta--valign-middle elementor-cta--mobile-layout-image-above elementor-cta--skin-classic elementor-animated-content elementor-widget elementor-widget-call-to-action\" data-id=\"673debd\" data-element_type=\"widget\" data-widget_type=\"call-to-action.default\">\n\t\t\t\t<div class=\"elementor-widget-container\">\n\t\t\t\t\t<div class=\"elementor-cta\">\n\t\t\t\t\t<div class=\"elementor-cta__bg-wrapper\">\n\t\t\t\t<div class=\"elementor-cta__bg elementor-bg\" style=\"background-image: url(https:\/\/giessmann-rolladenbau.at\/wp-content\/uploads\/2023\/04\/Spannrahmen-QUER-1024x683.jpg);\" role=\"img\" aria-label=\"Spannrahmen QUER\"><\/div>\n\t\t\t\t<div class=\"elementor-cta__bg-overlay\"><\/div>\n\t\t\t<\/div>\n\t\t\t\t\t\t\t<div class=\"elementor-cta__content\">\n\t\t\t\t\n\t\t\t\t\t\t\t\t\t<h2 class=\"elementor-cta__title elementor-cta__content-item elementor-content-item\">\n\t\t\t\t\t\tInsektenschutz- Spannrahmen\t\t\t\t\t<\/h2>\n\t\t\t\t\n\t\t\t\t\t\t\t\t\t<div class=\"elementor-cta__description elementor-cta__content-item elementor-content-item\">\n\t\t\t\t\t\t... ganz einfach und ohne Bohren zu montieren!!<br>... leichte Handhabung!!\t\t\t\t\t<\/div>\n\t\t\t\t\n\t\t\t\t\t\t\t<\/div>\n\t\t\t\t\t\t<\/div>\n\t\t\t\t<\/div>\n\t\t\t\t<\/div>\n\t\t\t\t\t<\/div>\n\t\t<\/div>\n\t\t\t\t\t\t\t<\/div>\n\t\t<\/section>\n\t\t\t\t<section class=\"elementor-section elementor-top-section elementor-element elementor-element-353018c elementor-section-boxed elementor-section-height-default elementor-section-height-default\" data-id=\"353018c\" data-element_type=\"section\">\n\t\t\t\t\t\t<div class=\"elementor-container elementor-column-gap-default\">\n\t\t\t\t\t<div class=\"elementor-column elementor-col-100 elementor-top-column elementor-element elementor-element-17fc896\" data-id=\"17fc896\" data-element_type=\"column\">\n\t\t\t<div class=\"elementor-widget-wrap elementor-element-populated\">\n\t\t\t\t\t\t\t\t<div class=\"elementor-element elementor-element-0966f52 elementor-widget elementor-widget-spacer\" data-id=\"0966f52\" data-element_type=\"widget\" data-widget_type=\"spacer.default\">\n\t\t\t\t<div class=\"elementor-widget-container\">\n\t\t\t\t\t<div class=\"elementor-spacer\">\n\t\t\t<div class=\"elementor-spacer-inner\"><\/div>\n\t\t<\/div>\n\t\t\t\t<\/div>\n\t\t\t\t<\/div>\n\t\t\t\t\t<\/div>\n\t\t<\/div>\n\t\t\t\t\t\t\t<\/div>\n\t\t<\/section>\n\t\t\t\t\t\t\t<\/div>\n\t\t","protected":false},"excerpt":{"rendered":"<p>Insektenschutz Endlich das Summen verstummen lassen Produkte Unser Angebot Insektenschutz- Rollos (vertikal) Schnelles und unkompliziertes \u00d6ffnen und Schlie\u00dfen! In zwei Varianten m\u00f6glich: &#8211; integriert im Rolladen &#8211; als nachtr\u00e4glicher Einbau auf den Fensterstock oder Rolladen Insektenschutz- Rollos (vertikal) Schnelles und unkompliziertes \u00d6ffnen und Schlie\u00dfen! In zwei Varianten m\u00f6glich: &#8211; integriert im Rolladen &#8211; als nachtr\u00e4glicher [&hellip;]<\/p>\n","protected":false},"author":1,"featured_media":0,"parent":0,"menu_order":0,"comment_status":"closed","ping_status":"closed","template":"","meta":{"footnotes":""},"class_list":["post-220","page","type-page","status-publish","hentry"],"yoast_head":"<!-- This site is optimized with the Yoast SEO plugin v21.4 - https:\/\/yoast.com\/wordpress\/plugins\/seo\/ -->\n<title>Insektenschutz - Sonnenschutz<\/title>\n<meta name=\"description\" content=\"Insektenschutz Sonnenschutz\" \/>\n<meta name=\"robots\" content=\"index, follow, max-snippet:-1, max-image-preview:large, max-video-preview:-1\" \/>\n<link rel=\"canonical\" href=\"https:\/\/giessmann-rolladenbau.at\/index.php\/insektenschutz\/\" \/>\n<meta property=\"og:locale\" content=\"de_DE\" \/>\n<meta property=\"og:type\" content=\"article\" \/>\n<meta property=\"og:title\" content=\"Insektenschutz - Sonnenschutz\" \/>\n<meta property=\"og:description\" content=\"Insektenschutz Sonnenschutz\" \/>\n<meta property=\"og:url\" content=\"https:\/\/giessmann-rolladenbau.at\/index.php\/insektenschutz\/\" \/>\n<meta property=\"og:site_name\" content=\"Sonnenschutz\" \/>\n<meta property=\"article:modified_time\" content=\"2023-09-23T09:13:18+00:00\" \/>\n<meta name=\"twitter:card\" content=\"summary_large_image\" \/>\n<meta name=\"twitter:label1\" content=\"Gesch\u00e4tzte Lesezeit\" \/>\n\t<meta name=\"twitter:data1\" content=\"1\u00a0Minute\" \/>\n<script type=\"application\/ld+json\" class=\"yoast-schema-graph\">{\"@context\":\"https:\/\/schema.org\",\"@graph\":[{\"@type\":\"WebPage\",\"@id\":\"https:\/\/giessmann-rolladenbau.at\/index.php\/insektenschutz\/\",\"url\":\"https:\/\/giessmann-rolladenbau.at\/index.php\/insektenschutz\/\",\"name\":\"Insektenschutz - Sonnenschutz\",\"isPartOf\":{\"@id\":\"https:\/\/giessmann-rolladenbau.at\/#website\"},\"datePublished\":\"2022-09-10T08:38:36+00:00\",\"dateModified\":\"2023-09-23T09:13:18+00:00\",\"description\":\"Insektenschutz Sonnenschutz\",\"breadcrumb\":{\"@id\":\"https:\/\/giessmann-rolladenbau.at\/index.php\/insektenschutz\/#breadcrumb\"},\"inLanguage\":\"de\",\"potentialAction\":[{\"@type\":\"ReadAction\",\"target\":[\"https:\/\/giessmann-rolladenbau.at\/index.php\/insektenschutz\/\"]}]},{\"@type\":\"BreadcrumbList\",\"@id\":\"https:\/\/giessmann-rolladenbau.at\/index.php\/insektenschutz\/#breadcrumb\",\"itemListElement\":[{\"@type\":\"ListItem\",\"position\":1,\"name\":\"Startseite\",\"item\":\"https:\/\/giessmann-rolladenbau.at\/\"},{\"@type\":\"ListItem\",\"position\":2,\"name\":\"Insektenschutz\"}]},{\"@type\":\"WebSite\",\"@id\":\"https:\/\/giessmann-rolladenbau.at\/#website\",\"url\":\"https:\/\/giessmann-rolladenbau.at\/\",\"name\":\"Sonnenschutz\",\"description\":\"Von Sichtschutz \u00fcber Markisen und Rolladen bis hin zum Insektenschutz haben wir alles was sie brauchen\",\"publisher\":{\"@id\":\"https:\/\/giessmann-rolladenbau.at\/#organization\"},\"alternateName\":\"Giessmann\",\"potentialAction\":[{\"@type\":\"SearchAction\",\"target\":{\"@type\":\"EntryPoint\",\"urlTemplate\":\"https:\/\/giessmann-rolladenbau.at\/?s={search_term_string}\"},\"query-input\":\"required name=search_term_string\"}],\"inLanguage\":\"de\"},{\"@type\":\"Organization\",\"@id\":\"https:\/\/giessmann-rolladenbau.at\/#organization\",\"name\":\"Giessmann-Rolladenbau\",\"alternateName\":\"Dominic Gehrer\",\"url\":\"https:\/\/giessmann-rolladenbau.at\/\",\"logo\":{\"@type\":\"ImageObject\",\"inLanguage\":\"de\",\"@id\":\"https:\/\/giessmann-rolladenbau.at\/#\/schema\/logo\/image\/\",\"url\":\"https:\/\/giessmann-rolladenbau.at\/wp-content\/uploads\/2022\/06\/Element-7.png\",\"contentUrl\":\"https:\/\/giessmann-rolladenbau.at\/wp-content\/uploads\/2022\/06\/Element-7.png\",\"width\":317,\"height\":126,\"caption\":\"Giessmann-Rolladenbau\"},\"image\":{\"@id\":\"https:\/\/giessmann-rolladenbau.at\/#\/schema\/logo\/image\/\"}}]}<\/script>\n<!-- \/ Yoast SEO plugin. -->","yoast_head_json":{"title":"Insektenschutz - Sonnenschutz","description":"Insektenschutz Sonnenschutz","robots":{"index":"index","follow":"follow","max-snippet":"max-snippet:-1","max-image-preview":"max-image-preview:large","max-video-preview":"max-video-preview:-1"},"canonical":"https:\/\/giessmann-rolladenbau.at\/index.php\/insektenschutz\/","og_locale":"de_DE","og_type":"article","og_title":"Insektenschutz - Sonnenschutz","og_description":"Insektenschutz Sonnenschutz","og_url":"https:\/\/giessmann-rolladenbau.at\/index.php\/insektenschutz\/","og_site_name":"Sonnenschutz","article_modified_time":"2023-09-23T09:13:18+00:00","twitter_card":"summary_large_image","twitter_misc":{"Gesch\u00e4tzte Lesezeit":"1\u00a0Minute"},"schema":{"@context":"https:\/\/schema.org","@graph":[{"@type":"WebPage","@id":"https:\/\/giessmann-rolladenbau.at\/index.php\/insektenschutz\/","url":"https:\/\/giessmann-rolladenbau.at\/index.php\/insektenschutz\/","name":"Insektenschutz - Sonnenschutz","isPartOf":{"@id":"https:\/\/giessmann-rolladenbau.at\/#website"},"datePublished":"2022-09-10T08:38:36+00:00","dateModified":"2023-09-23T09:13:18+00:00","description":"Insektenschutz Sonnenschutz","breadcrumb":{"@id":"https:\/\/giessmann-rolladenbau.at\/index.php\/insektenschutz\/#breadcrumb"},"inLanguage":"de","potentialAction":[{"@type":"ReadAction","target":["https:\/\/giessmann-rolladenbau.at\/index.php\/insektenschutz\/"]}]},{"@type":"BreadcrumbList","@id":"https:\/\/giessmann-rolladenbau.at\/index.php\/insektenschutz\/#breadcrumb","itemListElement":[{"@type":"ListItem","position":1,"name":"Startseite","item":"https:\/\/giessmann-rolladenbau.at\/"},{"@type":"ListItem","position":2,"name":"Insektenschutz"}]},{"@type":"WebSite","@id":"https:\/\/giessmann-rolladenbau.at\/#website","url":"https:\/\/giessmann-rolladenbau.at\/","name":"Sonnenschutz","description":"Von Sichtschutz \u00fcber Markisen und Rolladen bis hin zum Insektenschutz haben wir alles was sie brauchen","publisher":{"@id":"https:\/\/giessmann-rolladenbau.at\/#organization"},"alternateName":"Giessmann","potentialAction":[{"@type":"SearchAction","target":{"@type":"EntryPoint","urlTemplate":"https:\/\/giessmann-rolladenbau.at\/?s={search_term_string}"},"query-input":"required name=search_term_string"}],"inLanguage":"de"},{"@type":"Organization","@id":"https:\/\/giessmann-rolladenbau.at\/#organization","name":"Giessmann-Rolladenbau","alternateName":"Dominic Gehrer","url":"https:\/\/giessmann-rolladenbau.at\/","logo":{"@type":"ImageObject","inLanguage":"de","@id":"https:\/\/giessmann-rolladenbau.at\/#\/schema\/logo\/image\/","url":"https:\/\/giessmann-rolladenbau.at\/wp-content\/uploads\/2022\/06\/Element-7.png","contentUrl":"https:\/\/giessmann-rolladenbau.at\/wp-content\/uploads\/2022\/06\/Element-7.png","width":317,"height":126,"caption":"Giessmann-Rolladenbau"},"image":{"@id":"https:\/\/giessmann-rolladenbau.at\/#\/schema\/logo\/image\/"}}]}},"_links":{"self":[{"href":"https:\/\/giessmann-rolladenbau.at\/index.php\/wp-json\/wp\/v2\/pages\/220","targetHints":{"allow":["GET"]}}],"collection":[{"href":"https:\/\/giessmann-rolladenbau.at\/index.php\/wp-json\/wp\/v2\/pages"}],"about":[{"href":"https:\/\/giessmann-rolladenbau.at\/index.php\/wp-json\/wp\/v2\/types\/page"}],"author":[{"embeddable":true,"href":"https:\/\/giessmann-rolladenbau.at\/index.php\/wp-json\/wp\/v2\/users\/1"}],"replies":[{"embeddable":true,"href":"https:\/\/giessmann-rolladenbau.at\/index.php\/wp-json\/wp\/v2\/comments?post=220"}],"version-history":[{"count":52,"href":"https:\/\/giessmann-rolladenbau.at\/index.php\/wp-json\/wp\/v2\/pages\/220\/revisions"}],"predecessor-version":[{"id":1282,"href":"https:\/\/giessmann-rolladenbau.at\/index.php\/wp-json\/wp\/v2\/pages\/220\/revisions\/1282"}],"wp:attachment":[{"href":"https:\/\/giessmann-rolladenbau.at\/index.php\/wp-json\/wp\/v2\/media?parent=220"}],"curies":[{"name":"wp","href":"https:\/\/api.w.org\/{rel}","templated":true}]}}