{"id":35,"date":"2022-08-12T16:04:21","date_gmt":"2022-08-12T16:04:21","guid":{"rendered":"https:\/\/giessmann-rolladenbau.at\/?page_id=35"},"modified":"2023-09-22T21:34:35","modified_gmt":"2023-09-22T21:34:35","slug":"produkte","status":"publish","type":"page","link":"https:\/\/giessmann-rolladenbau.at\/index.php\/produkte\/","title":{"rendered":"Produkte"},"content":{"rendered":"\t\t<div data-elementor-type=\"wp-page\" data-elementor-id=\"35\" class=\"elementor elementor-35\" data-elementor-post-type=\"page\">\n\t\t\t\t\t\t\t\t\t<section class=\"elementor-section elementor-top-section elementor-element elementor-element-7143713d elementor-section-boxed elementor-section-height-default elementor-section-height-default\" data-id=\"7143713d\" data-element_type=\"section\" data-settings=\"{&quot;background_background&quot;:&quot;classic&quot;}\">\n\t\t\t\t\t\t<div class=\"elementor-container elementor-column-gap-default\">\n\t\t\t\t\t<div class=\"elementor-column elementor-col-100 elementor-top-column elementor-element elementor-element-2f269a7a\" data-id=\"2f269a7a\" data-element_type=\"column\">\n\t\t\t<div class=\"elementor-widget-wrap elementor-element-populated\">\n\t\t\t\t\t\t\t\t<div class=\"elementor-element elementor-element-24d6831d elementor-widget elementor-widget-heading\" data-id=\"24d6831d\" data-element_type=\"widget\" data-widget_type=\"heading.default\">\n\t\t\t\t<div class=\"elementor-widget-container\">\n\t\t\t<h4 class=\"elementor-heading-title elementor-size-default\">Unsere Produkte<\/h4>\t\t<\/div>\n\t\t\t\t<\/div>\n\t\t\t\t\t<\/div>\n\t\t<\/div>\n\t\t\t\t\t\t\t<\/div>\n\t\t<\/section>\n\t\t\t\t<section class=\"elementor-section elementor-top-section elementor-element elementor-element-b902093 elementor-hidden-mobile elementor-section-boxed elementor-section-height-default elementor-section-height-default\" data-id=\"b902093\" data-element_type=\"section\" data-settings=\"{&quot;background_background&quot;:&quot;classic&quot;}\">\n\t\t\t\t\t\t<div class=\"elementor-container elementor-column-gap-default\">\n\t\t\t\t\t<div class=\"elementor-column elementor-col-33 elementor-top-column elementor-element elementor-element-8675930\" data-id=\"8675930\" data-element_type=\"column\">\n\t\t\t<div class=\"elementor-widget-wrap elementor-element-populated\">\n\t\t\t\t\t\t\t\t<div class=\"elementor-element elementor-element-ee40d2b elementor-cta--layout-image-above elementor-cta--skin-classic elementor-animated-content elementor-widget elementor-widget-call-to-action\" data-id=\"ee40d2b\" data-element_type=\"widget\" data-widget_type=\"call-to-action.default\">\n\t\t\t\t<div class=\"elementor-widget-container\">\n\t\t\t\t\t<div class=\"elementor-cta\">\n\t\t\t\t\t<div class=\"elementor-cta__bg-wrapper\">\n\t\t\t\t<div class=\"elementor-cta__bg elementor-bg\" style=\"background-image: url(https:\/\/giessmann-rolladenbau.at\/wp-content\/uploads\/2022\/09\/Markisenstimmung_315222-1024x576.jpg);\" role=\"img\" aria-label=\"Markisenstimmung_315222\"><\/div>\n\t\t\t\t<div class=\"elementor-cta__bg-overlay\"><\/div>\n\t\t\t<\/div>\n\t\t\t\t\t\t\t<div class=\"elementor-cta__content\">\n\t\t\t\t\n\t\t\t\t\t\t\t\t\t<h2 class=\"elementor-cta__title elementor-cta__content-item elementor-content-item\">\n\t\t\t\t\t\tAu\u00dfenbeschattung\t\t\t\t\t<\/h2>\n\t\t\t\t\n\t\t\t\t\t\t\t\t\t<div class=\"elementor-cta__description elementor-cta__content-item elementor-content-item\">\n\t\t\t\t\t\tSie suchen den perfekten Sicht- und Sonnenschutz?<br><br>\"Wir haben alles was Sie brauchen. Was wir nicht haben, brauchen Sie auch nicht!\"\t\t\t\t\t<\/div>\n\t\t\t\t\n\t\t\t\t\t\t\t\t\t<div class=\"elementor-cta__button-wrapper elementor-cta__content-item elementor-content-item \">\n\t\t\t\t\t<a class=\"elementor-cta__button elementor-button elementor-size-sm\" href=\"https:\/\/giessmann-rolladenbau.at\/index.php\/aussenbeschattung\/\">\n\t\t\t\t\t\tZu unseren Produkten\t\t\t\t\t<\/a>\n\t\t\t\t\t<\/div>\n\t\t\t\t\t\t\t<\/div>\n\t\t\t\t\t\t<\/div>\n\t\t\t\t<\/div>\n\t\t\t\t<\/div>\n\t\t\t\t\t<\/div>\n\t\t<\/div>\n\t\t\t\t<div class=\"elementor-column elementor-col-33 elementor-top-column elementor-element elementor-element-34594f5\" data-id=\"34594f5\" data-element_type=\"column\">\n\t\t\t<div class=\"elementor-widget-wrap elementor-element-populated\">\n\t\t\t\t\t\t\t\t<div class=\"elementor-element elementor-element-85dd20b elementor-cta--layout-image-above elementor-cta--valign-top elementor-cta--skin-classic elementor-animated-content elementor-widget elementor-widget-call-to-action\" data-id=\"85dd20b\" data-element_type=\"widget\" data-widget_type=\"call-to-action.default\">\n\t\t\t\t<div class=\"elementor-widget-container\">\n\t\t\t\t\t<div class=\"elementor-cta\">\n\t\t\t\t\t<div class=\"elementor-cta__bg-wrapper\">\n\t\t\t\t<div class=\"elementor-cta__bg elementor-bg\" style=\"background-image: url(https:\/\/giessmann-rolladenbau.at\/wp-content\/uploads\/2022\/09\/M02_1-4881_A01-1024x973.jpg);\" role=\"img\" aria-label=\"M02_1-4881_A01\"><\/div>\n\t\t\t\t<div class=\"elementor-cta__bg-overlay\"><\/div>\n\t\t\t<\/div>\n\t\t\t\t\t\t\t<div class=\"elementor-cta__content\">\n\t\t\t\t\n\t\t\t\t\t\t\t\t\t<h2 class=\"elementor-cta__title elementor-cta__content-item elementor-content-item\">\n\t\t\t\t\t\tInnenbeschattung\t\t\t\t\t<\/h2>\n\t\t\t\t\n\t\t\t\t\t\t\t\t\t<div class=\"elementor-cta__description elementor-cta__content-item elementor-content-item\">\n\t\t\t\t\t\tFinden Sie die perfekte Lichtregulierung f\u00fcr Ihren Wohnbereich.\t\t\t\t\t<\/div>\n\t\t\t\t\n\t\t\t\t\t\t\t\t\t<div class=\"elementor-cta__button-wrapper elementor-cta__content-item elementor-content-item \">\n\t\t\t\t\t<a class=\"elementor-cta__button elementor-button elementor-size-sm\" href=\"https:\/\/giessmann-rolladenbau.at\/index.php\/innenbeschattung\/\">\n\t\t\t\t\t\tZu unseren Produkten\t\t\t\t\t<\/a>\n\t\t\t\t\t<\/div>\n\t\t\t\t\t\t\t<\/div>\n\t\t\t\t\t\t<\/div>\n\t\t\t\t<\/div>\n\t\t\t\t<\/div>\n\t\t\t\t\t<\/div>\n\t\t<\/div>\n\t\t\t\t<div class=\"elementor-column elementor-col-33 elementor-top-column elementor-element elementor-element-51b9473\" data-id=\"51b9473\" data-element_type=\"column\">\n\t\t\t<div class=\"elementor-widget-wrap elementor-element-populated\">\n\t\t\t\t\t\t\t\t<div class=\"elementor-element elementor-element-7654fa9 elementor-cta--layout-image-above elementor-cta--skin-classic elementor-animated-content elementor-widget elementor-widget-call-to-action\" data-id=\"7654fa9\" data-element_type=\"widget\" data-widget_type=\"call-to-action.default\">\n\t\t\t\t<div class=\"elementor-widget-container\">\n\t\t\t\t\t<div class=\"elementor-cta\">\n\t\t\t\t\t<div class=\"elementor-cta__bg-wrapper\">\n\t\t\t\t<div class=\"elementor-cta__bg elementor-bg\" style=\"background-image: url(https:\/\/giessmann-rolladenbau.at\/wp-content\/uploads\/2022\/09\/Pendeltu\u0308re-QUER-1024x686.jpg);\" role=\"img\" aria-label=\"Pendeltu\u0308re QUER\"><\/div>\n\t\t\t\t<div class=\"elementor-cta__bg-overlay\"><\/div>\n\t\t\t<\/div>\n\t\t\t\t\t\t\t<div class=\"elementor-cta__content\">\n\t\t\t\t\n\t\t\t\t\t\t\t\t\t<h2 class=\"elementor-cta__title elementor-cta__content-item elementor-content-item\">\n\t\t\t\t\t\tInsektenschutz\t\t\t\t\t<\/h2>\n\t\t\t\t\n\t\t\t\t\t\t\t\t\t<div class=\"elementor-cta__description elementor-cta__content-item elementor-content-item\">\n\t\t\t\t\t\tKeine Fliegen, keine l\u00e4stigen M\u00fccken, kein Summen mehr...<br><br>Wir beraten Sie gerne und finden Ihren pers\u00f6nlichen Insektenschutz f\u00fcr Ihr zu Hause!\t\t\t\t\t<\/div>\n\t\t\t\t\n\t\t\t\t\t\t\t\t\t<div class=\"elementor-cta__button-wrapper elementor-cta__content-item elementor-content-item \">\n\t\t\t\t\t<a class=\"elementor-cta__button elementor-button elementor-size-sm\" href=\"https:\/\/giessmann-rolladenbau.at\/index.php\/insektenschutz\/\">\n\t\t\t\t\t\tZu unseren Produkten\t\t\t\t\t<\/a>\n\t\t\t\t\t<\/div>\n\t\t\t\t\t\t\t<\/div>\n\t\t\t\t\t\t<\/div>\n\t\t\t\t<\/div>\n\t\t\t\t<\/div>\n\t\t\t\t\t<\/div>\n\t\t<\/div>\n\t\t\t\t\t\t\t<\/div>\n\t\t<\/section>\n\t\t\t\t<section class=\"elementor-section elementor-top-section elementor-element elementor-element-bc5ec45 elementor-hidden-desktop elementor-hidden-tablet elementor-section-boxed elementor-section-height-default elementor-section-height-default\" data-id=\"bc5ec45\" data-element_type=\"section\" data-settings=\"{&quot;background_background&quot;:&quot;classic&quot;}\">\n\t\t\t\t\t\t<div class=\"elementor-container elementor-column-gap-default\">\n\t\t\t\t\t<div class=\"elementor-column elementor-col-33 elementor-top-column elementor-element elementor-element-c1dc7fa\" data-id=\"c1dc7fa\" data-element_type=\"column\">\n\t\t\t<div class=\"elementor-widget-wrap elementor-element-populated\">\n\t\t\t\t\t\t\t\t<div class=\"elementor-element elementor-element-e38aae3 elementor-cta--layout-image-above elementor-cta--skin-classic elementor-animated-content elementor-widget elementor-widget-call-to-action\" data-id=\"e38aae3\" data-element_type=\"widget\" data-widget_type=\"call-to-action.default\">\n\t\t\t\t<div class=\"elementor-widget-container\">\n\t\t\t\t\t<div class=\"elementor-cta\">\n\t\t\t\t\t<div class=\"elementor-cta__bg-wrapper\">\n\t\t\t\t<div class=\"elementor-cta__bg elementor-bg\" style=\"background-image: url(https:\/\/giessmann-rolladenbau.at\/wp-content\/uploads\/2022\/09\/Markisenstimmung_315222-1024x576.jpg);\" role=\"img\" aria-label=\"Markisenstimmung_315222\"><\/div>\n\t\t\t\t<div class=\"elementor-cta__bg-overlay\"><\/div>\n\t\t\t<\/div>\n\t\t\t\t\t\t\t<div class=\"elementor-cta__content\">\n\t\t\t\t\n\t\t\t\t\t\t\t\t\t<h2 class=\"elementor-cta__title elementor-cta__content-item elementor-content-item\">\n\t\t\t\t\t\tAu\u00dfenbeschattung\t\t\t\t\t<\/h2>\n\t\t\t\t\n\t\t\t\t\t\t\t\t\t<div class=\"elementor-cta__description elementor-cta__content-item elementor-content-item\">\n\t\t\t\t\t\tSie suchen den perfekten Sicht- und Sonnenschutz?<br><br>\"Wir haben alles was Sie brauchen. Was wir nicht haben, brauchen Sie auch nicht!\"\t\t\t\t\t<\/div>\n\t\t\t\t\n\t\t\t\t\t\t\t\t\t<div class=\"elementor-cta__button-wrapper elementor-cta__content-item elementor-content-item \">\n\t\t\t\t\t<a class=\"elementor-cta__button elementor-button elementor-size-sm\" href=\"https:\/\/giessmann-rolladenbau.at\/index.php\/aussenbeschattung\/\">\n\t\t\t\t\t\tZu unseren Produkten\t\t\t\t\t<\/a>\n\t\t\t\t\t<\/div>\n\t\t\t\t\t\t\t<\/div>\n\t\t\t\t\t\t<\/div>\n\t\t\t\t<\/div>\n\t\t\t\t<\/div>\n\t\t\t\t\t<\/div>\n\t\t<\/div>\n\t\t\t\t<div class=\"elementor-column elementor-col-33 elementor-top-column elementor-element elementor-element-545657d\" data-id=\"545657d\" data-element_type=\"column\">\n\t\t\t<div class=\"elementor-widget-wrap elementor-element-populated\">\n\t\t\t\t\t\t\t\t<div class=\"elementor-element elementor-element-1c2cf08 elementor-cta--layout-image-above elementor-cta--valign-top elementor-cta--skin-classic elementor-animated-content elementor-widget elementor-widget-call-to-action\" data-id=\"1c2cf08\" data-element_type=\"widget\" data-widget_type=\"call-to-action.default\">\n\t\t\t\t<div class=\"elementor-widget-container\">\n\t\t\t\t\t<div class=\"elementor-cta\">\n\t\t\t\t\t<div class=\"elementor-cta__bg-wrapper\">\n\t\t\t\t<div class=\"elementor-cta__bg elementor-bg\" style=\"background-image: url(https:\/\/giessmann-rolladenbau.at\/wp-content\/uploads\/2022\/09\/M02_1-4881_A01-1024x973.jpg);\" role=\"img\" aria-label=\"M02_1-4881_A01\"><\/div>\n\t\t\t\t<div class=\"elementor-cta__bg-overlay\"><\/div>\n\t\t\t<\/div>\n\t\t\t\t\t\t\t<div class=\"elementor-cta__content\">\n\t\t\t\t\n\t\t\t\t\t\t\t\t\t<h2 class=\"elementor-cta__title elementor-cta__content-item elementor-content-item\">\n\t\t\t\t\t\tInnenbeschattung\t\t\t\t\t<\/h2>\n\t\t\t\t\n\t\t\t\t\t\t\t\t\t<div class=\"elementor-cta__description elementor-cta__content-item elementor-content-item\">\n\t\t\t\t\t\tFinden Sie die perfekte Lichtregulierung f\u00fcr Ihren Wohnbereich.\t\t\t\t\t<\/div>\n\t\t\t\t\n\t\t\t\t\t\t\t\t\t<div class=\"elementor-cta__button-wrapper elementor-cta__content-item elementor-content-item \">\n\t\t\t\t\t<a class=\"elementor-cta__button elementor-button elementor-size-sm\" href=\"https:\/\/giessmann-rolladenbau.at\/index.php\/innenbeschattung\/\">\n\t\t\t\t\t\tZu unseren Produkten\t\t\t\t\t<\/a>\n\t\t\t\t\t<\/div>\n\t\t\t\t\t\t\t<\/div>\n\t\t\t\t\t\t<\/div>\n\t\t\t\t<\/div>\n\t\t\t\t<\/div>\n\t\t\t\t\t<\/div>\n\t\t<\/div>\n\t\t\t\t<div class=\"elementor-column elementor-col-33 elementor-top-column elementor-element elementor-element-b3a9f90\" data-id=\"b3a9f90\" data-element_type=\"column\">\n\t\t\t<div class=\"elementor-widget-wrap elementor-element-populated\">\n\t\t\t\t\t\t\t\t<div class=\"elementor-element elementor-element-ae0bc8e elementor-cta--layout-image-above elementor-cta--skin-classic elementor-animated-content elementor-widget elementor-widget-call-to-action\" data-id=\"ae0bc8e\" data-element_type=\"widget\" data-widget_type=\"call-to-action.default\">\n\t\t\t\t<div class=\"elementor-widget-container\">\n\t\t\t\t\t<div class=\"elementor-cta\">\n\t\t\t\t\t<div class=\"elementor-cta__bg-wrapper\">\n\t\t\t\t<div class=\"elementor-cta__bg elementor-bg\" style=\"background-image: url(https:\/\/giessmann-rolladenbau.at\/wp-content\/uploads\/2022\/09\/Pendeltu\u0308re-QUER-1024x686.jpg);\" role=\"img\" aria-label=\"Pendeltu\u0308re QUER\"><\/div>\n\t\t\t\t<div class=\"elementor-cta__bg-overlay\"><\/div>\n\t\t\t<\/div>\n\t\t\t\t\t\t\t<div class=\"elementor-cta__content\">\n\t\t\t\t\n\t\t\t\t\t\t\t\t\t<h2 class=\"elementor-cta__title elementor-cta__content-item elementor-content-item\">\n\t\t\t\t\t\tInsektenschutz\t\t\t\t\t<\/h2>\n\t\t\t\t\n\t\t\t\t\t\t\t\t\t<div class=\"elementor-cta__description elementor-cta__content-item elementor-content-item\">\n\t\t\t\t\t\tKeine Fliegen, keine l\u00e4stigen M\u00fccken, kein Summen mehr...<br><br>Wir beraten Sie gerne und finden Ihren pers\u00f6nlichen Insektenschutz f\u00fcr Ihr zu Hause!\t\t\t\t\t<\/div>\n\t\t\t\t\n\t\t\t\t\t\t\t\t\t<div class=\"elementor-cta__button-wrapper elementor-cta__content-item elementor-content-item \">\n\t\t\t\t\t<a class=\"elementor-cta__button elementor-button elementor-size-sm\" href=\"https:\/\/giessmann-rolladenbau.at\/index.php\/insektenschutz\/\">\n\t\t\t\t\t\tZu unseren Produkten\t\t\t\t\t<\/a>\n\t\t\t\t\t<\/div>\n\t\t\t\t\t\t\t<\/div>\n\t\t\t\t\t\t<\/div>\n\t\t\t\t<\/div>\n\t\t\t\t<\/div>\n\t\t\t\t\t<\/div>\n\t\t<\/div>\n\t\t\t\t\t\t\t<\/div>\n\t\t<\/section>\n\t\t\t\t<section class=\"elementor-section elementor-top-section elementor-element elementor-element-0ad2230 elementor-section-boxed elementor-section-height-default elementor-section-height-default\" data-id=\"0ad2230\" data-element_type=\"section\">\n\t\t\t\t\t\t<div class=\"elementor-container elementor-column-gap-default\">\n\t\t\t\t\t<div class=\"elementor-column elementor-col-100 elementor-top-column elementor-element elementor-element-b05f601\" data-id=\"b05f601\" data-element_type=\"column\">\n\t\t\t<div class=\"elementor-widget-wrap elementor-element-populated\">\n\t\t\t\t\t\t\t\t<div class=\"elementor-element elementor-element-e9c2223 elementor-widget elementor-widget-spacer\" data-id=\"e9c2223\" data-element_type=\"widget\" data-widget_type=\"spacer.default\">\n\t\t\t\t<div class=\"elementor-widget-container\">\n\t\t\t\t\t<div class=\"elementor-spacer\">\n\t\t\t<div class=\"elementor-spacer-inner\"><\/div>\n\t\t<\/div>\n\t\t\t\t<\/div>\n\t\t\t\t<\/div>\n\t\t\t\t\t<\/div>\n\t\t<\/div>\n\t\t\t\t\t\t\t<\/div>\n\t\t<\/section>\n\t\t\t\t\t\t\t<\/div>\n\t\t","protected":false},"excerpt":{"rendered":"<p>Unsere Produkte Au\u00dfenbeschattung Sie suchen den perfekten Sicht- und Sonnenschutz? &#8222;Wir haben alles was Sie brauchen. Was wir nicht haben, brauchen Sie auch nicht!&#8220; Zu unseren Produkten Innenbeschattung Finden Sie die perfekte Lichtregulierung f\u00fcr Ihren Wohnbereich. Zu unseren Produkten Insektenschutz Keine Fliegen, keine l\u00e4stigen M\u00fccken, kein Summen mehr&#8230; Wir beraten Sie gerne und finden Ihren [&hellip;]<\/p>\n","protected":false},"author":1,"featured_media":0,"parent":0,"menu_order":0,"comment_status":"closed","ping_status":"closed","template":"","meta":{"footnotes":""},"class_list":["post-35","page","type-page","status-publish","hentry"],"yoast_head":"<!-- This site is optimized with the Yoast SEO plugin v21.4 - https:\/\/yoast.com\/wordpress\/plugins\/seo\/ -->\n<title>Produkte - Sonnenschutz<\/title>\n<meta name=\"description\" content=\"Produkte Sonnenschutz\" \/>\n<meta name=\"robots\" content=\"index, follow, max-snippet:-1, max-image-preview:large, max-video-preview:-1\" \/>\n<link rel=\"canonical\" href=\"https:\/\/giessmann-rolladenbau.at\/index.php\/produkte\/\" \/>\n<meta property=\"og:locale\" content=\"de_DE\" \/>\n<meta property=\"og:type\" content=\"article\" \/>\n<meta property=\"og:title\" content=\"Produkte - Sonnenschutz\" \/>\n<meta property=\"og:description\" content=\"Produkte Sonnenschutz\" \/>\n<meta property=\"og:url\" content=\"https:\/\/giessmann-rolladenbau.at\/index.php\/produkte\/\" \/>\n<meta property=\"og:site_name\" content=\"Sonnenschutz\" \/>\n<meta property=\"article:modified_time\" content=\"2023-09-22T21:34:35+00:00\" \/>\n<meta name=\"twitter:card\" content=\"summary_large_image\" \/>\n<meta name=\"twitter:label1\" content=\"Gesch\u00e4tzte Lesezeit\" \/>\n\t<meta name=\"twitter:data1\" content=\"1\u00a0Minute\" \/>\n<script type=\"application\/ld+json\" class=\"yoast-schema-graph\">{\"@context\":\"https:\/\/schema.org\",\"@graph\":[{\"@type\":\"WebPage\",\"@id\":\"https:\/\/giessmann-rolladenbau.at\/index.php\/produkte\/\",\"url\":\"https:\/\/giessmann-rolladenbau.at\/index.php\/produkte\/\",\"name\":\"Produkte - Sonnenschutz\",\"isPartOf\":{\"@id\":\"https:\/\/giessmann-rolladenbau.at\/#website\"},\"datePublished\":\"2022-08-12T16:04:21+00:00\",\"dateModified\":\"2023-09-22T21:34:35+00:00\",\"description\":\"Produkte Sonnenschutz\",\"breadcrumb\":{\"@id\":\"https:\/\/giessmann-rolladenbau.at\/index.php\/produkte\/#breadcrumb\"},\"inLanguage\":\"de\",\"potentialAction\":[{\"@type\":\"ReadAction\",\"target\":[\"https:\/\/giessmann-rolladenbau.at\/index.php\/produkte\/\"]}]},{\"@type\":\"BreadcrumbList\",\"@id\":\"https:\/\/giessmann-rolladenbau.at\/index.php\/produkte\/#breadcrumb\",\"itemListElement\":[{\"@type\":\"ListItem\",\"position\":1,\"name\":\"Startseite\",\"item\":\"https:\/\/giessmann-rolladenbau.at\/\"},{\"@type\":\"ListItem\",\"position\":2,\"name\":\"Produkte\"}]},{\"@type\":\"WebSite\",\"@id\":\"https:\/\/giessmann-rolladenbau.at\/#website\",\"url\":\"https:\/\/giessmann-rolladenbau.at\/\",\"name\":\"Sonnenschutz\",\"description\":\"Von Sichtschutz \u00fcber Markisen und Rolladen bis hin zum Insektenschutz haben wir alles was sie brauchen\",\"publisher\":{\"@id\":\"https:\/\/giessmann-rolladenbau.at\/#organization\"},\"alternateName\":\"Giessmann\",\"potentialAction\":[{\"@type\":\"SearchAction\",\"target\":{\"@type\":\"EntryPoint\",\"urlTemplate\":\"https:\/\/giessmann-rolladenbau.at\/?s={search_term_string}\"},\"query-input\":\"required name=search_term_string\"}],\"inLanguage\":\"de\"},{\"@type\":\"Organization\",\"@id\":\"https:\/\/giessmann-rolladenbau.at\/#organization\",\"name\":\"Giessmann-Rolladenbau\",\"alternateName\":\"Dominic Gehrer\",\"url\":\"https:\/\/giessmann-rolladenbau.at\/\",\"logo\":{\"@type\":\"ImageObject\",\"inLanguage\":\"de\",\"@id\":\"https:\/\/giessmann-rolladenbau.at\/#\/schema\/logo\/image\/\",\"url\":\"https:\/\/giessmann-rolladenbau.at\/wp-content\/uploads\/2022\/06\/Element-7.png\",\"contentUrl\":\"https:\/\/giessmann-rolladenbau.at\/wp-content\/uploads\/2022\/06\/Element-7.png\",\"width\":317,\"height\":126,\"caption\":\"Giessmann-Rolladenbau\"},\"image\":{\"@id\":\"https:\/\/giessmann-rolladenbau.at\/#\/schema\/logo\/image\/\"}}]}<\/script>\n<!-- \/ Yoast SEO plugin. -->","yoast_head_json":{"title":"Produkte - Sonnenschutz","description":"Produkte Sonnenschutz","robots":{"index":"index","follow":"follow","max-snippet":"max-snippet:-1","max-image-preview":"max-image-preview:large","max-video-preview":"max-video-preview:-1"},"canonical":"https:\/\/giessmann-rolladenbau.at\/index.php\/produkte\/","og_locale":"de_DE","og_type":"article","og_title":"Produkte - Sonnenschutz","og_description":"Produkte Sonnenschutz","og_url":"https:\/\/giessmann-rolladenbau.at\/index.php\/produkte\/","og_site_name":"Sonnenschutz","article_modified_time":"2023-09-22T21:34:35+00:00","twitter_card":"summary_large_image","twitter_misc":{"Gesch\u00e4tzte Lesezeit":"1\u00a0Minute"},"schema":{"@context":"https:\/\/schema.org","@graph":[{"@type":"WebPage","@id":"https:\/\/giessmann-rolladenbau.at\/index.php\/produkte\/","url":"https:\/\/giessmann-rolladenbau.at\/index.php\/produkte\/","name":"Produkte - Sonnenschutz","isPartOf":{"@id":"https:\/\/giessmann-rolladenbau.at\/#website"},"datePublished":"2022-08-12T16:04:21+00:00","dateModified":"2023-09-22T21:34:35+00:00","description":"Produkte Sonnenschutz","breadcrumb":{"@id":"https:\/\/giessmann-rolladenbau.at\/index.php\/produkte\/#breadcrumb"},"inLanguage":"de","potentialAction":[{"@type":"ReadAction","target":["https:\/\/giessmann-rolladenbau.at\/index.php\/produkte\/"]}]},{"@type":"BreadcrumbList","@id":"https:\/\/giessmann-rolladenbau.at\/index.php\/produkte\/#breadcrumb","itemListElement":[{"@type":"ListItem","position":1,"name":"Startseite","item":"https:\/\/giessmann-rolladenbau.at\/"},{"@type":"ListItem","position":2,"name":"Produkte"}]},{"@type":"WebSite","@id":"https:\/\/giessmann-rolladenbau.at\/#website","url":"https:\/\/giessmann-rolladenbau.at\/","name":"Sonnenschutz","description":"Von Sichtschutz \u00fcber Markisen und Rolladen bis hin zum Insektenschutz haben wir alles was sie brauchen","publisher":{"@id":"https:\/\/giessmann-rolladenbau.at\/#organization"},"alternateName":"Giessmann","potentialAction":[{"@type":"SearchAction","target":{"@type":"EntryPoint","urlTemplate":"https:\/\/giessmann-rolladenbau.at\/?s={search_term_string}"},"query-input":"required name=search_term_string"}],"inLanguage":"de"},{"@type":"Organization","@id":"https:\/\/giessmann-rolladenbau.at\/#organization","name":"Giessmann-Rolladenbau","alternateName":"Dominic Gehrer","url":"https:\/\/giessmann-rolladenbau.at\/","logo":{"@type":"ImageObject","inLanguage":"de","@id":"https:\/\/giessmann-rolladenbau.at\/#\/schema\/logo\/image\/","url":"https:\/\/giessmann-rolladenbau.at\/wp-content\/uploads\/2022\/06\/Element-7.png","contentUrl":"https:\/\/giessmann-rolladenbau.at\/wp-content\/uploads\/2022\/06\/Element-7.png","width":317,"height":126,"caption":"Giessmann-Rolladenbau"},"image":{"@id":"https:\/\/giessmann-rolladenbau.at\/#\/schema\/logo\/image\/"}}]}},"_links":{"self":[{"href":"https:\/\/giessmann-rolladenbau.at\/index.php\/wp-json\/wp\/v2\/pages\/35","targetHints":{"allow":["GET"]}}],"collection":[{"href":"https:\/\/giessmann-rolladenbau.at\/index.php\/wp-json\/wp\/v2\/pages"}],"about":[{"href":"https:\/\/giessmann-rolladenbau.at\/index.php\/wp-json\/wp\/v2\/types\/page"}],"author":[{"embeddable":true,"href":"https:\/\/giessmann-rolladenbau.at\/index.php\/wp-json\/wp\/v2\/users\/1"}],"replies":[{"embeddable":true,"href":"https:\/\/giessmann-rolladenbau.at\/index.php\/wp-json\/wp\/v2\/comments?post=35"}],"version-history":[{"count":64,"href":"https:\/\/giessmann-rolladenbau.at\/index.php\/wp-json\/wp\/v2\/pages\/35\/revisions"}],"predecessor-version":[{"id":1202,"href":"https:\/\/giessmann-rolladenbau.at\/index.php\/wp-json\/wp\/v2\/pages\/35\/revisions\/1202"}],"wp:attachment":[{"href":"https:\/\/giessmann-rolladenbau.at\/index.php\/wp-json\/wp\/v2\/media?parent=35"}],"curies":[{"name":"wp","href":"https:\/\/api.w.org\/{rel}","templated":true}]}}